{"id":2,"date":"2010-10-16T18:14:21","date_gmt":"2010-10-16T18:14:21","guid":{"rendered":"http:\/\/www.tmirahina.com\/?page_id=2"},"modified":"2024-09-01T11:58:54","modified_gmt":"2024-09-01T09:58:54","slug":"about","status":"publish","type":"page","link":"http:\/\/www.tmirahina.com\/?page_id=2","title":{"rendered":"Tmi R\u00c4HIN\u00c4"},"content":{"rendered":"<div id=\"attachment_1034\" style=\"width: 210px\" class=\"wp-caption alignnone\"><a href=\"http:\/\/www.tmirahina.com\/wp-content\/uploads\/2020\/01\/20191026ARIA0968.jpg\"><img loading=\"lazy\" decoding=\"async\" aria-describedby=\"caption-attachment-1034\" class=\"size-medium wp-image-1034\" src=\"http:\/\/www.tmirahina.com\/wp-content\/uploads\/2020\/01\/20191026ARIA0968-200x300.jpg\" alt=\"\" width=\"200\" height=\"300\" srcset=\"http:\/\/www.tmirahina.com\/wp-content\/uploads\/2020\/01\/20191026ARIA0968-200x300.jpg 200w, http:\/\/www.tmirahina.com\/wp-content\/uploads\/2020\/01\/20191026ARIA0968-768x1152.jpg 768w, http:\/\/www.tmirahina.com\/wp-content\/uploads\/2020\/01\/20191026ARIA0968-683x1024.jpg 683w\" sizes=\"auto, (max-width: 200px) 100vw, 200px\" \/><\/a><p id=\"caption-attachment-1034\" class=\"wp-caption-text\">Marjaana Lohivirta &amp; Brezel von der Ruppy &#8220;Rinkeli&#8221;<\/p><\/div>\n<h3>El\u00e4intenkouluttaja (at)<\/h3>\n<h2>MARJAANA LOHIVIRTA<\/h2>\n<blockquote>\n<h2>marjaana.lohivirta (@) kolumbus.fi<\/h2>\n<\/blockquote>\n<h2>+ 358 50 3007151<\/h2>\n<p><a href=\"http:\/\/www.tmirahina.com\/wp-content\/uploads\/2010\/10\/SAM_0238.jpg\"><img loading=\"lazy\" decoding=\"async\" class=\"alignnone size-medium wp-image-506\" src=\"http:\/\/www.tmirahina.com\/wp-content\/uploads\/2010\/10\/SAM_0238-300x225.jpg\" alt=\"\" width=\"300\" height=\"225\" srcset=\"http:\/\/www.tmirahina.com\/wp-content\/uploads\/2010\/10\/SAM_0238-300x225.jpg 300w, http:\/\/www.tmirahina.com\/wp-content\/uploads\/2010\/10\/SAM_0238-1024x768.jpg 1024w\" sizes=\"auto, (max-width: 300px) 100vw, 300px\" \/><\/a><\/p>\n<h2>Parhaiten tavoitat ma-to klo 12-15, mutta jos olen asiakask\u00e4ynnill\u00e4 tai kouluttamassa, en voi vastata puhelimeen. Tekstarilla tai s\u00e4hk\u00f6postitse tavoittaa my\u00f6s.<\/h2>\n<p>&nbsp;<\/p>\n<p>&nbsp;<\/p>\n","protected":false},"excerpt":{"rendered":"<p>El\u00e4intenkouluttaja (at) MARJAANA LOHIVIRTA marjaana.lohivirta (@) kolumbus.fi + 358 50 3007151 Parhaiten tavoitat ma-to klo 12-15, mutta jos olen asiakask\u00e4ynnill\u00e4 tai kouluttamassa, en voi vastata puhelimeen. Tekstarilla tai s\u00e4hk\u00f6postitse tavoittaa my\u00f6s. &nbsp; &nbsp;<\/p>\n","protected":false},"author":1,"featured_media":0,"parent":0,"menu_order":1,"comment_status":"closed","ping_status":"closed","template":"","meta":{"footnotes":""},"class_list":["post-2","page","type-page","status-publish","hentry"],"_links":{"self":[{"href":"http:\/\/www.tmirahina.com\/index.php?rest_route=\/wp\/v2\/pages\/2","targetHints":{"allow":["GET"]}}],"collection":[{"href":"http:\/\/www.tmirahina.com\/index.php?rest_route=\/wp\/v2\/pages"}],"about":[{"href":"http:\/\/www.tmirahina.com\/index.php?rest_route=\/wp\/v2\/types\/page"}],"author":[{"embeddable":true,"href":"http:\/\/www.tmirahina.com\/index.php?rest_route=\/wp\/v2\/users\/1"}],"replies":[{"embeddable":true,"href":"http:\/\/www.tmirahina.com\/index.php?rest_route=%2Fwp%2Fv2%2Fcomments&post=2"}],"version-history":[{"count":61,"href":"http:\/\/www.tmirahina.com\/index.php?rest_route=\/wp\/v2\/pages\/2\/revisions"}],"predecessor-version":[{"id":1160,"href":"http:\/\/www.tmirahina.com\/index.php?rest_route=\/wp\/v2\/pages\/2\/revisions\/1160"}],"wp:attachment":[{"href":"http:\/\/www.tmirahina.com\/index.php?rest_route=%2Fwp%2Fv2%2Fmedia&parent=2"}],"curies":[{"name":"wp","href":"https:\/\/api.w.org\/{rel}","templated":true}]}}